{"id":2779,"date":"2025-09-09T21:50:54","date_gmt":"2025-09-09T21:50:54","guid":{"rendered":"https:\/\/global.portaleducabrasil.com\/?page_id=2779"},"modified":"2025-09-10T21:51:03","modified_gmt":"2025-09-10T21:51:03","slug":"sobre-nos","status":"publish","type":"page","link":"https:\/\/creawebs.com.br\/arquitetura\/sobre-nos\/","title":{"rendered":"Sobre N\u00f3s"},"content":{"rendered":"\t\t<div data-elementor-type=\"wp-page\" data-elementor-id=\"2779\" class=\"elementor elementor-2779\">\n\t\t\t\t<div class=\"elementor-element elementor-element-709f1ef e-flex e-con-boxed wpr-particle-no wpr-jarallax-no wpr-parallax-no wpr-sticky-section-no e-con e-parent\" data-id=\"709f1ef\" data-element_type=\"container\" data-settings=\"{&quot;background_background&quot;:&quot;classic&quot;}\">\n\t\t\t\t\t<div class=\"e-con-inner\">\n\t\t\t\t<div class=\"elementor-element elementor-element-4db11bc elementor-widget elementor-widget-heading\" data-id=\"4db11bc\" data-element_type=\"widget\" data-widget_type=\"heading.default\">\n\t\t\t\t<div class=\"elementor-widget-container\">\n\t\t\t\t\t<h2 class=\"elementor-heading-title elementor-size-default\">Sobre N\u00f3s\n<\/h2>\t\t\t\t<\/div>\n\t\t\t\t<\/div>\n\t\t\t\t\t<\/div>\n\t\t\t\t<\/div>\n\t\t<div class=\"elementor-element elementor-element-469714c e-flex e-con-boxed wpr-particle-no wpr-jarallax-no wpr-parallax-no wpr-sticky-section-no e-con e-parent\" data-id=\"469714c\" data-element_type=\"container\">\n\t\t\t\t\t<div class=\"e-con-inner\">\n\t\t<div class=\"elementor-element elementor-element-e93cf78 e-con-full e-flex wpr-particle-no wpr-jarallax-no wpr-parallax-no wpr-sticky-section-no e-con e-child\" data-id=\"e93cf78\" data-element_type=\"container\">\n\t\t\t\t<div class=\"elementor-element elementor-element-bc50ea2 elementor-widget elementor-widget-heading\" data-id=\"bc50ea2\" data-element_type=\"widget\" data-widget_type=\"heading.default\">\n\t\t\t\t<div class=\"elementor-widget-container\">\n\t\t\t\t\t<h2 class=\"elementor-heading-title elementor-size-default\">Conhe\u00e7a a Nexus Home\n<\/h2>\t\t\t\t<\/div>\n\t\t\t\t<\/div>\n\t\t\t\t<div class=\"elementor-element elementor-element-144b26a elementor-widget elementor-widget-heading\" data-id=\"144b26a\" data-element_type=\"widget\" data-widget_type=\"heading.default\">\n\t\t\t\t<div class=\"elementor-widget-container\">\n\t\t\t\t\t<h2 class=\"elementor-heading-title elementor-size-default\">Escrit\u00f3rio de arquitetura em ITABUNA\n<\/h2>\t\t\t\t<\/div>\n\t\t\t\t<\/div>\n\t\t\t\t<div class=\"elementor-element elementor-element-0b745ab elementor-widget elementor-widget-text-editor\" data-id=\"0b745ab\" data-element_type=\"widget\" data-widget_type=\"text-editor.default\">\n\t\t\t\t<div class=\"elementor-widget-container\">\n\t\t\t\t\t\t\t\t\t<p>Na Nexus Home, entendemos que sua casa \u00e9 muito mais do que um espa\u00e7o f\u00edsico. \u00c9 o lugar onde voc\u00ea vive seus melhores momentos, cria mem\u00f3rias e expressa sua personalidade.<\/p><p>Nossa miss\u00e3o \u00e9 construir la\u00e7os duradouros com nossos clientes, oferecendo um servi\u00e7o personalizado e transparente em todas as etapas do projeto. Acreditamos que a comunica\u00e7\u00e3o clara e a colabora\u00e7\u00e3o s\u00e3o fundamentais para alcan\u00e7ar resultados excepcionais.<\/p><p><strong>Nossos Valores:<\/strong><\/p><p><strong>Excel\u00eancia:<\/strong>\u00a0Buscamos a perfei\u00e7\u00e3o em tudo o que fazemos.<br \/><strong>Personaliza\u00e7\u00e3o:<\/strong>\u00a0Cada projeto \u00e9 \u00fanico e adaptado \u00e0s suas necessidades.<br \/><strong>Inova\u00e7\u00e3o:<\/strong>\u00a0Estamos sempre atentos \u00e0s \u00faltimas tend\u00eancias e tecnologias.<br \/><strong>Sustentabilidade:\u00a0<\/strong>Integramos solu\u00e7\u00f5es eco-eficientes em nossos projetos.<\/p>\t\t\t\t\t\t\t\t<\/div>\n\t\t\t\t<\/div>\n\t\t\t\t<div class=\"elementor-element elementor-element-44a139a elementor-align-left elementor-widget elementor-widget-button\" data-id=\"44a139a\" data-element_type=\"widget\" data-settings=\"{&quot;_animation&quot;:&quot;none&quot;}\" data-widget_type=\"button.default\">\n\t\t\t\t<div class=\"elementor-widget-container\">\n\t\t\t\t\t\t\t\t\t<div class=\"elementor-button-wrapper\">\n\t\t\t\t\t<a class=\"elementor-button elementor-button-link elementor-size-sm elementor-animation-shrink\" href=\"https:\/\/creawebs.com.br\/arquitetura\/projetos\/\">\n\t\t\t\t\t\t<span class=\"elementor-button-content-wrapper\">\n\t\t\t\t\t\t<span class=\"elementor-button-icon\">\n\t\t\t\t<svg aria-hidden=\"true\" class=\"e-font-icon-svg e-far-arrow-alt-circle-right\" viewBox=\"0 0 512 512\" xmlns=\"http:\/\/www.w3.org\/2000\/svg\"><path d=\"M504 256C504 119 393 8 256 8S8 119 8 256s111 248 248 248 248-111 248-248zm-448 0c0-110.5 89.5-200 200-200s200 89.5 200 200-89.5 200-200 200S56 366.5 56 256zm72 20v-40c0-6.6 5.4-12 12-12h116v-67c0-10.7 12.9-16 20.5-8.5l99 99c4.7 4.7 4.7 12.3 0 17l-99 99c-7.6 7.6-20.5 2.2-20.5-8.5v-67H140c-6.6 0-12-5.4-12-12z\"><\/path><\/svg>\t\t\t<\/span>\n\t\t\t\t\t\t\t\t\t<span class=\"elementor-button-text\">Veja Alguns Dos Nossos Projetos<\/span>\n\t\t\t\t\t<\/span>\n\t\t\t\t\t<\/a>\n\t\t\t\t<\/div>\n\t\t\t\t\t\t\t\t<\/div>\n\t\t\t\t<\/div>\n\t\t\t\t<\/div>\n\t\t<div class=\"elementor-element elementor-element-7607d18 e-con-full e-flex wpr-particle-no wpr-jarallax-no wpr-parallax-no wpr-sticky-section-no e-con e-child\" data-id=\"7607d18\" data-element_type=\"container\">\n\t\t\t\t<div class=\"elementor-element elementor-element-6b527e2 elementor-widget elementor-widget-image\" data-id=\"6b527e2\" data-element_type=\"widget\" data-widget_type=\"image.default\">\n\t\t\t\t<div class=\"elementor-widget-container\">\n\t\t\t\t\t\t\t\t\t\t\t\t\t\t\t<img fetchpriority=\"high\" decoding=\"async\" width=\"1125\" height=\"750\" src=\"https:\/\/creawebs.com.br\/arquitetura\/wp-content\/uploads\/2025\/09\/Design-sem-nome.gif\" class=\"attachment-full size-full wp-image-3029\" alt=\"\" \/>\t\t\t\t\t\t\t\t\t\t\t\t\t\t\t<\/div>\n\t\t\t\t<\/div>\n\t\t\t\t<\/div>\n\t\t\t\t\t<\/div>\n\t\t\t\t<\/div>\n\t\t<div class=\"elementor-element elementor-element-3625a4b e-grid e-con-boxed wpr-particle-no wpr-jarallax-no wpr-parallax-no wpr-sticky-section-no e-con e-parent\" data-id=\"3625a4b\" data-element_type=\"container\">\n\t\t\t\t\t<div class=\"e-con-inner\">\n\t\t\t\t<div class=\"elementor-element elementor-element-b167c1a elementor-widget elementor-widget-counter\" data-id=\"b167c1a\" data-element_type=\"widget\" data-widget_type=\"counter.default\">\n\t\t\t\t<div class=\"elementor-widget-container\">\n\t\t\t\t\t\t\t<div class=\"elementor-counter\">\n\t\t\t<div class=\"elementor-counter-title\">Clientes satisfeitos<\/div>\t\t\t<div class=\"elementor-counter-number-wrapper\">\n\t\t\t\t<span class=\"elementor-counter-number-prefix\">+<\/span>\n\t\t\t\t<span class=\"elementor-counter-number\" data-duration=\"2000\" data-to-value=\"300\" data-from-value=\"0\" data-delimiter=\",\">0<\/span>\n\t\t\t\t<span class=\"elementor-counter-number-suffix\"><\/span>\n\t\t\t<\/div>\n\t\t<\/div>\n\t\t\t\t\t\t<\/div>\n\t\t\t\t<\/div>\n\t\t\t\t<div class=\"elementor-element elementor-element-d8d1e0b elementor-widget elementor-widget-counter\" data-id=\"d8d1e0b\" data-element_type=\"widget\" data-widget_type=\"counter.default\">\n\t\t\t\t<div class=\"elementor-widget-container\">\n\t\t\t\t\t\t\t<div class=\"elementor-counter\">\n\t\t\t<div class=\"elementor-counter-title\">Projetos realizados<\/div>\t\t\t<div class=\"elementor-counter-number-wrapper\">\n\t\t\t\t<span class=\"elementor-counter-number-prefix\">+<\/span>\n\t\t\t\t<span class=\"elementor-counter-number\" data-duration=\"2000\" data-to-value=\"500\" data-from-value=\"0\" data-delimiter=\",\">0<\/span>\n\t\t\t\t<span class=\"elementor-counter-number-suffix\"><\/span>\n\t\t\t<\/div>\n\t\t<\/div>\n\t\t\t\t\t\t<\/div>\n\t\t\t\t<\/div>\n\t\t\t\t<div class=\"elementor-element elementor-element-8e0473c elementor-widget elementor-widget-counter\" data-id=\"8e0473c\" data-element_type=\"widget\" data-widget_type=\"counter.default\">\n\t\t\t\t<div class=\"elementor-widget-container\">\n\t\t\t\t\t\t\t<div class=\"elementor-counter\">\n\t\t\t<div class=\"elementor-counter-title\">Obras entregues<\/div>\t\t\t<div class=\"elementor-counter-number-wrapper\">\n\t\t\t\t<span class=\"elementor-counter-number-prefix\">+<\/span>\n\t\t\t\t<span class=\"elementor-counter-number\" data-duration=\"2000\" data-to-value=\"80\" data-from-value=\"0\" data-delimiter=\",\">0<\/span>\n\t\t\t\t<span class=\"elementor-counter-number-suffix\"><\/span>\n\t\t\t<\/div>\n\t\t<\/div>\n\t\t\t\t\t\t<\/div>\n\t\t\t\t<\/div>\n\t\t\t\t\t<\/div>\n\t\t\t\t<\/div>\n\t\t<div class=\"elementor-element elementor-element-32fc7ca e-flex e-con-boxed wpr-particle-no wpr-jarallax-no wpr-parallax-no wpr-sticky-section-no e-con e-parent\" data-id=\"32fc7ca\" data-element_type=\"container\" data-settings=\"{&quot;background_background&quot;:&quot;classic&quot;,&quot;shape_divider_top&quot;:&quot;curve&quot;,&quot;shape_divider_top_negative&quot;:&quot;yes&quot;}\">\n\t\t\t\t\t<div class=\"e-con-inner\">\n\t\t\t\t<div class=\"elementor-shape elementor-shape-top\" aria-hidden=\"true\" data-negative=\"true\">\n\t\t\t<svg xmlns=\"http:\/\/www.w3.org\/2000\/svg\" viewBox=\"0 0 1000 100\" preserveAspectRatio=\"none\">\n\t<path class=\"elementor-shape-fill\" d=\"M500,97C126.7,96.3,0.8,19.8,0,0v100l1000,0V1C1000,19.4,873.3,97.8,500,97z\"\/>\n<\/svg>\t\t<\/div>\n\t\t\t\t<div class=\"elementor-element elementor-element-7edb32f elementor-widget elementor-widget-heading\" data-id=\"7edb32f\" data-element_type=\"widget\" data-widget_type=\"heading.default\">\n\t\t\t\t<div class=\"elementor-widget-container\">\n\t\t\t\t\t<h2 class=\"elementor-heading-title elementor-size-default\">Conhe\u00e7a Nossa Equipe:\n\n\n<\/h2>\t\t\t\t<\/div>\n\t\t\t\t<\/div>\n\t\t\t\t<div class=\"elementor-element elementor-element-04e5fbd elementor-widget elementor-widget-heading\" data-id=\"04e5fbd\" data-element_type=\"widget\" data-widget_type=\"heading.default\">\n\t\t\t\t<div class=\"elementor-widget-container\">\n\t\t\t\t\t<h2 class=\"elementor-heading-title elementor-size-default\">Compromisso com a excel\u00eancia em tudo que fazemos.\n\n<\/h2>\t\t\t\t<\/div>\n\t\t\t\t<\/div>\n\t\t<div class=\"elementor-element elementor-element-dbfddb3 e-grid e-con-full wpr-particle-no wpr-jarallax-no wpr-parallax-no wpr-sticky-section-no e-con e-child\" data-id=\"dbfddb3\" data-element_type=\"container\">\n\t\t\t\t<div class=\"elementor-element elementor-element-911b16e elementor-position-top elementor-widget elementor-widget-image-box\" data-id=\"911b16e\" data-element_type=\"widget\" data-settings=\"{&quot;_animation&quot;:&quot;none&quot;}\" data-widget_type=\"image-box.default\">\n\t\t\t\t<div class=\"elementor-widget-container\">\n\t\t\t\t\t<div class=\"elementor-image-box-wrapper\"><figure class=\"elementor-image-box-img\"><img decoding=\"async\" src=\"https:\/\/creawebs.com.br\/arquitetura\/wp-content\/uploads\/elementor\/thumbs\/equipe-1-rbkiuelp6ns915w5vejo59i1jabai6hrum61scakrk.png\" title=\"equipe (1)\" alt=\"equipe (1)\" loading=\"lazy\" \/><\/figure><div class=\"elementor-image-box-content\"><h3 class=\"elementor-image-box-title\">Amilton Fernandes<\/h3><p class=\"elementor-image-box-description\">Arquiteto S\u00eanior - Respons\u00e1vel pela concep\u00e7\u00e3o geral do projeto, estudos preliminares e desenvolvimento dos projetos executivos.\n\n<\/p><\/div><\/div>\t\t\t\t<\/div>\n\t\t\t\t<\/div>\n\t\t\t\t<div class=\"elementor-element elementor-element-5a8c43b elementor-position-top elementor-widget elementor-widget-image-box\" data-id=\"5a8c43b\" data-element_type=\"widget\" data-settings=\"{&quot;_animation&quot;:&quot;none&quot;}\" data-widget_type=\"image-box.default\">\n\t\t\t\t<div class=\"elementor-widget-container\">\n\t\t\t\t\t<div class=\"elementor-image-box-wrapper\"><figure class=\"elementor-image-box-img\"><img decoding=\"async\" src=\"https:\/\/creawebs.com.br\/arquitetura\/wp-content\/uploads\/elementor\/thumbs\/equipe-6-rbkiuelp6ns915w5vejo59i1jabai6hrum61scakrk.png\" title=\"equipe (6)\" alt=\"equipe (6)\" loading=\"lazy\" \/><\/figure><div class=\"elementor-image-box-content\"><h3 class=\"elementor-image-box-title\">Amanda Ribeiro<\/h3><p class=\"elementor-image-box-description\">Arquiteta de Interiores - Especializada em design de espa\u00e7os internos, escolha de materiais, mobili\u00e1rio e acabamentos.\n\n<\/p><\/div><\/div>\t\t\t\t<\/div>\n\t\t\t\t<\/div>\n\t\t\t\t<div class=\"elementor-element elementor-element-30309fb elementor-position-top elementor-widget elementor-widget-image-box\" data-id=\"30309fb\" data-element_type=\"widget\" data-settings=\"{&quot;_animation&quot;:&quot;none&quot;}\" data-widget_type=\"image-box.default\">\n\t\t\t\t<div class=\"elementor-widget-container\">\n\t\t\t\t\t<div class=\"elementor-image-box-wrapper\"><figure class=\"elementor-image-box-img\"><img decoding=\"async\" src=\"https:\/\/creawebs.com.br\/arquitetura\/wp-content\/uploads\/elementor\/thumbs\/equipe-5-rbkiucq0szpodxyw6dqf09z4cikk2sab6cv2tsdd40.png\" title=\"equipe (5)\" alt=\"equipe (5)\" loading=\"lazy\" \/><\/figure><div class=\"elementor-image-box-content\"><h3 class=\"elementor-image-box-title\">Juliana Junqueira<\/h3><p class=\"elementor-image-box-description\">Paisagista - Respons\u00e1vel pelo projeto de paisagismo, escolha de plantas, cria\u00e7\u00e3o de jardins e \u00e1reas verdes.\n\n\n<\/p><\/div><\/div>\t\t\t\t<\/div>\n\t\t\t\t<\/div>\n\t\t\t\t<div class=\"elementor-element elementor-element-db1728a elementor-position-top elementor-widget elementor-widget-image-box\" data-id=\"db1728a\" data-element_type=\"widget\" data-settings=\"{&quot;_animation&quot;:&quot;none&quot;}\" data-widget_type=\"image-box.default\">\n\t\t\t\t<div class=\"elementor-widget-container\">\n\t\t\t\t\t<div class=\"elementor-image-box-wrapper\"><figure class=\"elementor-image-box-img\"><img decoding=\"async\" src=\"https:\/\/creawebs.com.br\/arquitetura\/wp-content\/uploads\/elementor\/thumbs\/equipe-4-rbkiucq0szpodxyw6dqf09z4cikk2sab6cv2tsdd40.png\" title=\"equipe (4)\" alt=\"equipe (4)\" loading=\"lazy\" \/><\/figure><div class=\"elementor-image-box-content\"><h3 class=\"elementor-image-box-title\">Ant\u00f4nio Rodrigues<\/h3><p class=\"elementor-image-box-description\">Engenheiro Civil - Respons\u00e1vel pelos c\u00e1lculos estruturais, acompanhamento da obra e gest\u00e3o t\u00e9cnica.\n<\/p><\/div><\/div>\t\t\t\t<\/div>\n\t\t\t\t<\/div>\n\t\t\t\t<div class=\"elementor-element elementor-element-ea264a5 elementor-position-top elementor-widget elementor-widget-image-box\" data-id=\"ea264a5\" data-element_type=\"widget\" data-settings=\"{&quot;_animation&quot;:&quot;none&quot;}\" data-widget_type=\"image-box.default\">\n\t\t\t\t<div class=\"elementor-widget-container\">\n\t\t\t\t\t<div class=\"elementor-image-box-wrapper\"><figure class=\"elementor-image-box-img\"><img decoding=\"async\" src=\"https:\/\/creawebs.com.br\/arquitetura\/wp-content\/uploads\/elementor\/thumbs\/equipe-3-rbkiucq0szpodxyw6dqf09z4cikk2sab6cv2tsdd40.png\" title=\"equipe (3)\" alt=\"equipe (3)\" loading=\"lazy\" \/><\/figure><div class=\"elementor-image-box-content\"><h3 class=\"elementor-image-box-title\">Fernanda Batista<\/h3><p class=\"elementor-image-box-description\">Designer de Ilumina\u00e7\u00e3o - Especializada em projetos de ilumina\u00e7\u00e3o, criando ambientes com atmosfera e funcionalidade.\n\n\n<\/p><\/div><\/div>\t\t\t\t<\/div>\n\t\t\t\t<\/div>\n\t\t\t\t<div class=\"elementor-element elementor-element-6134822 elementor-position-top elementor-widget elementor-widget-image-box\" data-id=\"6134822\" data-element_type=\"widget\" data-settings=\"{&quot;_animation&quot;:&quot;none&quot;}\" data-widget_type=\"image-box.default\">\n\t\t\t\t<div class=\"elementor-widget-container\">\n\t\t\t\t\t<div class=\"elementor-image-box-wrapper\"><figure class=\"elementor-image-box-img\"><img decoding=\"async\" src=\"https:\/\/creawebs.com.br\/arquitetura\/wp-content\/uploads\/elementor\/thumbs\/equipe-2-rbkiuelp6ns915w5vejo59i1jabai6hrum61scakrk.png\" title=\"equipe (2)\" alt=\"equipe (2)\" loading=\"lazy\" \/><\/figure><div class=\"elementor-image-box-content\"><h3 class=\"elementor-image-box-title\">Jos\u00e9 Carlos<\/h3><p class=\"elementor-image-box-description\">Coordenador de Projeto - Respons\u00e1vel pela gest\u00e3o geral do projeto, comunica\u00e7\u00e3o com o cliente e coordena\u00e7\u00e3o da equipe.\n\n\n<\/p><\/div><\/div>\t\t\t\t<\/div>\n\t\t\t\t<\/div>\n\t\t\t\t<\/div>\n\t\t\t\t<div class=\"elementor-element elementor-element-db4c6fb elementor-align-center elementor-widget elementor-widget-button\" data-id=\"db4c6fb\" data-element_type=\"widget\" data-settings=\"{&quot;_animation&quot;:&quot;none&quot;}\" data-widget_type=\"button.default\">\n\t\t\t\t<div class=\"elementor-widget-container\">\n\t\t\t\t\t\t\t\t\t<div class=\"elementor-button-wrapper\">\n\t\t\t\t\t<a class=\"elementor-button elementor-button-link elementor-size-sm elementor-animation-shrink\" href=\"#\">\n\t\t\t\t\t\t<span class=\"elementor-button-content-wrapper\">\n\t\t\t\t\t\t<span class=\"elementor-button-icon\">\n\t\t\t\t<svg aria-hidden=\"true\" class=\"e-font-icon-svg e-fab-whatsapp\" viewBox=\"0 0 448 512\" xmlns=\"http:\/\/www.w3.org\/2000\/svg\"><path d=\"M380.9 97.1C339 55.1 283.2 32 223.9 32c-122.4 0-222 99.6-222 222 0 39.1 10.2 77.3 29.6 111L0 480l117.7-30.9c32.4 17.7 68.9 27 106.1 27h.1c122.3 0 224.1-99.6 224.1-222 0-59.3-25.2-115-67.1-157zm-157 341.6c-33.2 0-65.7-8.9-94-25.7l-6.7-4-69.8 18.3L72 359.2l-4.4-7c-18.5-29.4-28.2-63.3-28.2-98.2 0-101.7 82.8-184.5 184.6-184.5 49.3 0 95.6 19.2 130.4 54.1 34.8 34.9 56.2 81.2 56.1 130.5 0 101.8-84.9 184.6-186.6 184.6zm101.2-138.2c-5.5-2.8-32.8-16.2-37.9-18-5.1-1.9-8.8-2.8-12.5 2.8-3.7 5.6-14.3 18-17.6 21.8-3.2 3.7-6.5 4.2-12 1.4-32.6-16.3-54-29.1-75.5-66-5.7-9.8 5.7-9.1 16.3-30.3 1.8-3.7.9-6.9-.5-9.7-1.4-2.8-12.5-30.1-17.1-41.2-4.5-10.8-9.1-9.3-12.5-9.5-3.2-.2-6.9-.2-10.6-.2-3.7 0-9.7 1.4-14.8 6.9-5.1 5.6-19.4 19-19.4 46.3 0 27.3 19.9 53.7 22.6 57.4 2.8 3.7 39.1 59.7 94.8 83.8 35.2 15.2 49 16.5 66.6 13.9 10.7-1.6 32.8-13.4 37.4-26.4 4.6-13 4.6-24.1 3.2-26.4-1.3-2.5-5-3.9-10.5-6.6z\"><\/path><\/svg>\t\t\t<\/span>\n\t\t\t\t\t\t\t\t\t<span class=\"elementor-button-text\">Pedir Or\u00e7amento<\/span>\n\t\t\t\t\t<\/span>\n\t\t\t\t\t<\/a>\n\t\t\t\t<\/div>\n\t\t\t\t\t\t\t\t<\/div>\n\t\t\t\t<\/div>\n\t\t\t\t\t<\/div>\n\t\t\t\t<\/div>\n\t\t\t\t<\/div>\n\t\t","protected":false},"excerpt":{"rendered":"<p>Sobre N\u00f3s Conhe\u00e7a a Nexus Home Escrit\u00f3rio de arquitetura em ITABUNA Na Nexus Home, entendemos que sua casa \u00e9 muito mais do que um espa\u00e7o f\u00edsico. \u00c9 o lugar onde voc\u00ea vive seus melhores momentos, cria mem\u00f3rias e expressa sua personalidade. Nossa miss\u00e3o \u00e9 construir la\u00e7os duradouros com nossos clientes, oferecendo um servi\u00e7o personalizado e transparente em todas as etapas do projeto. Acreditamos que a comunica\u00e7\u00e3o clara e a colabora\u00e7\u00e3o s\u00e3o fundamentais para alcan\u00e7ar resultados excepcionais. Nossos Valores: Excel\u00eancia:\u00a0Buscamos a perfei\u00e7\u00e3o em tudo o que fazemos.Personaliza\u00e7\u00e3o:\u00a0Cada projeto \u00e9 \u00fanico e adaptado \u00e0s suas necessidades.Inova\u00e7\u00e3o:\u00a0Estamos sempre atentos \u00e0s \u00faltimas tend\u00eancias e tecnologias.Sustentabilidade:\u00a0Integramos solu\u00e7\u00f5es eco-eficientes em nossos projetos. Veja Alguns Dos Nossos Projetos Clientes satisfeitos + 0 Projetos realizados + 0 Obras entregues + 0 Conhe\u00e7a Nossa Equipe: Compromisso com a excel\u00eancia em tudo que fazemos. Amilton Fernandes Arquiteto S\u00eanior &#8211; Respons\u00e1vel pela concep\u00e7\u00e3o geral do projeto, estudos preliminares e desenvolvimento dos projetos executivos. Amanda Ribeiro Arquiteta de Interiores &#8211; Especializada em design de espa\u00e7os internos, escolha de materiais, mobili\u00e1rio e acabamentos. Juliana Junqueira Paisagista &#8211; Respons\u00e1vel pelo projeto de paisagismo, escolha de plantas, cria\u00e7\u00e3o de jardins e \u00e1reas verdes. Ant\u00f4nio Rodrigues Engenheiro Civil &#8211; Respons\u00e1vel pelos c\u00e1lculos estruturais, acompanhamento da obra e gest\u00e3o t\u00e9cnica. Fernanda Batista Designer de Ilumina\u00e7\u00e3o &#8211; Especializada em projetos de ilumina\u00e7\u00e3o, criando ambientes com atmosfera e funcionalidade. Jos\u00e9 Carlos Coordenador de Projeto &#8211; Respons\u00e1vel pela gest\u00e3o geral do projeto, comunica\u00e7\u00e3o com o cliente e coordena\u00e7\u00e3o da equipe. Pedir Or\u00e7amento<\/p>\n","protected":false},"author":1,"featured_media":0,"parent":0,"menu_order":0,"comment_status":"closed","ping_status":"closed","template":"elementor_header_footer","meta":{"footnotes":""},"class_list":["post-2779","page","type-page","status-publish","hentry"],"_links":{"self":[{"href":"https:\/\/creawebs.com.br\/arquitetura\/wp-json\/wp\/v2\/pages\/2779","targetHints":{"allow":["GET"]}}],"collection":[{"href":"https:\/\/creawebs.com.br\/arquitetura\/wp-json\/wp\/v2\/pages"}],"about":[{"href":"https:\/\/creawebs.com.br\/arquitetura\/wp-json\/wp\/v2\/types\/page"}],"author":[{"embeddable":true,"href":"https:\/\/creawebs.com.br\/arquitetura\/wp-json\/wp\/v2\/users\/1"}],"replies":[{"embeddable":true,"href":"https:\/\/creawebs.com.br\/arquitetura\/wp-json\/wp\/v2\/comments?post=2779"}],"version-history":[{"count":55,"href":"https:\/\/creawebs.com.br\/arquitetura\/wp-json\/wp\/v2\/pages\/2779\/revisions"}],"predecessor-version":[{"id":3257,"href":"https:\/\/creawebs.com.br\/arquitetura\/wp-json\/wp\/v2\/pages\/2779\/revisions\/3257"}],"wp:attachment":[{"href":"https:\/\/creawebs.com.br\/arquitetura\/wp-json\/wp\/v2\/media?parent=2779"}],"curies":[{"name":"wp","href":"https:\/\/api.w.org\/{rel}","templated":true}]}}